1*s - 1491. Calculate o(1).
2
Let x(i) = 1304*i + 13180. Determine x(-10).
140
Let d(x) = -x**2 + 113*x - 3966. What is d(41)?
-1014
Let d(q) = 28*q**2 + 4560*q - 922. Give d(-163).
-270
Let t(f) = -138*f + 2812. Calculate t(19).
190
Let q(l) = 25*l**2 - 51*l - 95. Give q(0).
-95
Let m(t) = -4025*t + 104658. What is m(26)?
8
Let r(y) = 235*y**2 + 11241*y + 9233. Determine r(-47).
21
Let s(y) = -y**3 + 162*y**2 - 2371*y + 5127. What is s(146)?
17
Let c(f) = f**3 + 111*f**2 - 168*f - 6105. Determine c(-112).
167
Let m(d) = 1082*d - 279217. Calculate m(258).
-61
Let f(s) = -s**3 - 189*s**2 - 2932*s - 1303. Give f(-172).
73
Let j(x) = -1778*x + 5622. Calculate j(3).
288
Let k(r) = -128*r - 3577. Calculate k(-30).
263
Let n(l) = -2*l**3 + 48*l**2 - 173*l - 521. Determine n(7).
-66
Let j(a) = a**3 - 71*a**2 - 2776*a + 419. Calculate j(99).
23
Let q(n) = 7060*n + 473256. Give q(-67).
236
Let h(p) = -46*p**2 + 6734*p + 6733. Determine h(-1).
-47
Let n(j) = 2950*j - 121005. Calculate n(41).
-55
Let v(a) = 4478*a**2 + 4437*a - 9. What is v(-1)?
32
Let w(p) = -p**3 + 268*p**2 - 869*p + 197. Give w(3).
-25
Let r(d) = -d**2 - 1034*d + 22093. Determine r(21).
-62
Let f(q) = 154*q + 2439. Give f(-14).
283
Let f(w) = 28187*w + 225495. Give f(-8).
-1
Let t(z) = -890*z - 489531. Determine t(-550).
-31
Let m(s) = 2*s**2 - 3214*s + 50890. What is m(16)?
-22
Let a(z) = 512*z**2 + 87*z + 1. What is a(2)?
2223
Let g(h) = -h**2 + 906*h - 51538. Calculate g(61).
7
Let s(p) = -p**2 - 306*p - 612. Calculate s(-2).
-4
Let r(m) = 12919*m - 400333. Determine r(31).
156
Let l(w) = -618*w + 162830. What is l(262)?
914
Let s(a) = -22*a**3 + a**2 - 24*a - 29. Calculate s(-2).
199
Let v(z) = z**3 - 123*z**2 + 2373*z + 273. Calculate v(99).
-24
Let j(h) = -10104*h - 70975. Give j(-7).
-247
Let n(z) = 15*z**3 + 3*z**2 - 4222*z + 8445. Calculate n(2).
133
Let b(q) = 3*q**2 + 6734*q - 67679. Calculate b(10).
-39
Let g(q) = 92*q**2 + 410*q - 71. What is g(-4)?
-239
Let u(j) = 3*j**3 + 91*j**2 - 597*j - 16866. What is u(-31)?
-281
Let y(z) = z**2 - 205372*z + 7392101. What is y(36)?
5
Let u(n) = -4966*n + 138628. Determine u(28).
-420
Let a(o) = o**2 + 695*o - 183509. Calculate a(204).
-113
Let i(v) = v**3 + 47*v**2 - 211*v - 9422. Determine i(-14).
0
Let i(r) = 4*r**3 - 77*r**2 + 31*r + 28. Give i(19).
256
Let x(w) = 2*w**3 + 88*w**2 - 34*w - 2684. Determine x(-44).
-1188
Let n(b) = -30592*b**2 - 214177*b - 5. Give n(-7).
226
Let z(a) = -2*a**3 - 88*a**2 - 50*a + 457. What is z(-43)?
-1091
Let u(h) = h**2 - 92369*h - 738992. What is u(-8)?
24
Let r(t) = -t**3 - 5592*t**2 + 784875*t - 294. Calculate r(137).
-20
Let q(v) = -218*v**2 - 110*v. Calculate q(0).
0
Let d(w) = -2*w**2 - 1450*w + 26782. What is d(18)?
34
Let g(t) = -770*t**2 + 20*t + 43. What is g(0)?
43
Let p(y) = -61*y**2 + 987*y + 151. Determine p(16).
327
Let f(x) = 379429*x + 4173738. Determine f(-11).
19
Let o(q) = -1686*q + 17341. Calculate o(11).
-1205
Let b(f) = 40*f**2 - 10272*f - 2057. Calculate b(257).
-1
Let j(h) = -200368*h + 1402535. Calculate j(7).
-41
Let x(k) = 2*k**3 - 2*k**2 - 2349*k + 11711. Determine x(5).
166
Let s(n) = 11111*n - 1733312. Determine s(156).
4
Let c(h) = 213*h**2 - 8728*h - 222. Determine c(41).
-17
Let w(q) = -3*q**3 - 2955*q**2 + 85096*q + 4059. Determine w(-1013).
7
Let y(f) = 2*f**2 - 247666*f + 3962121. What is y(16)?
-23
Let z(i) = 6*i**2 + 350*i + 3088. What is z(-50)?
588
Let a(x) = 2*x**3 + 4*x**2 + 30*x - 41. Give a(6).
715
Let f(m) = -8*m**2 + 67*m - 523. Give f(13).
-1004
Let a(t) = 231*t**2 + 3940*t + 222. Calculate a(-17).
1
Let o(r) = r**3 + 147*r**2 + 4994*r - 42508. What is o(7)?
-4
Let h(z) = 18*z**2 - 608*z - 3024. Calculate h(-5).
466
Let v(k) = 157*k - 12305. Determine v(82).
569
Let g(y) = y**3 + 12*y**2 + 345*y + 6718. Determine g(-20).
-3382
Let p(r) = -364379*r - 1457534. Give p(-4).
-18
Let u(g) = -1668*g + 403689. Calculate u(242).
33
Let k(r) = r**3 + 194*r**2 - 195*r + 18. Calculate k(-195).
18
Let p(g) = -g**2 + 339*g - 11335. Calculate p(307).
-1511
Let u(q) = -31*q**2 - 6600*q + 615. Determine u(-213).
-24
Let z(b) = 28940*b + 144630. Give z(-5).
-70
Let w(q) = -233744*q + 2337218. Give w(10).
-222
Let y(f) = f**3 + 73*f**2 + 145*f + 269. Give y(-71).
56
Let l(t) = 17*t**2 + 1477*t + 12914. Determine l(-77).
-22
Let u(r) = -130*r + 325. Calculate u(-5).
975
Let x(k) = -3*k**3 + 324*k**2 - 328*k + 739. Calculate x(107).
-10
Let k(y) = 2227*y + 1621185. What is k(-728)?
-71
Let j(v) = v**3 - 40*v**2 + 99*v - 866. What is j(38)?
8
Let q(n) = 439*n - 45516. Calculate q(107).
1457
Let p(k) = 6*k**2 + 143*k - 1366. Determine p(-26).
-1028
Let i(z) = -2567*z**3 + 2690*z**2 - 7*z + 2. Determine i(1).
118
Let l(s) = -22*s**2 + 3821*s + 1131. Give l(174).
-87
Let i(o) = o**3 + 90*o**2 + 69*o + 6053. What is i(-90)?
-157
Let w(p) = 2*p**2 + 493*p + 2957. What is w(-6)?
71
Let r(j) = 6*j**3 + 86*j**2 + 57*j + 1746. Determine r(-15).
-9
Let x(g) = g**3 - 24*g**2 - 694*g + 8256. Determine x(10).
-84
Let f(x) = -58228*x + 407558. What is f(7)?
-38
Let s(a) = -a**2 + 227*a - 10304. Determine s(167).
-284
Let p(x) = 1138*x - 28313. Calculate p(25).
137
Let g(c) = -14*c**3 + 2662*c**2 - 347*c - 6270. Give g(190).
0
Let s(i) = -38*i - 54. Give s(13).
-548
Let i(a) = 2*a**2 - 3266*a + 42103. Determine i(13).
-17
Let g(y) = -y**3 + 24*y**2 - 117*y - 247. What is g(13)?
91
Let o(t) = t**3 - 86*t**2 + 14*t - 2034. Give o(86).
-830
Let v(q) = -q**2 - 135*q - 3650. Give v(-77).
816
Let j(i) = 14705*i - 73544. Calculate j(5).
-19
Let g(j) = -99*j**3 - 34653*j**2 - 1048*j + 678. Calculate g(-350).
-22
Let v(q) = 570*q + 5764. Calculate v(-10).
64
Let f(j) = 3*j**2 - 227*j + 3890. What is f(49)?
-30
Let z(r) = -4273*r**2 + 29879*r + 118. What is z(7)?
-106
Let n(s) = -35*s**3 + 2*s**2 + 39*s + 89. Determine n(-2).
299
Let o(r) = 19*r**2 + 1634*r + 17645. What is o(-11)?
1970
Let j(x) = -11*x**2 + 22*x - 326. Give j(14).
-2174
Let w(m) = m**3 + 98*m**2 - 1695*m - 185. Determine w(15).
-185
Let f(k) = -112448*k - 1461827. Calculate f(-13).
-3
Let c(s) = -38000*s + 380021. Calculate c(10).
21
Let s(q) = q**2 + 9173*q - 2978920. What is s(314)?
-2
Let g(b) = -29562*b - 206969. Determine g(-7).
-35
Let d(l) = -2*l**3 + 375*l**2 - 1925*l - 14059. Determine d(182).
-45
Let b(c) = -1930*c**2 - 32819*c - 1. Give b(-17).
152
Let w(g) = g**2 - 696*g - 27108. Determine w(-37).
13
Let m(u) = 477*u - 126376. What is m(265)?
29
Let x(m) = m**3 + 49*m**2 + 351*m + 3347. Calculate x(-43).
-652
Let j(t) = -2*t**2 - 48*t + 1197. Give j(-48).
-1107
Let f(j) = -47*j**2 - 656*j + 1953. What is f(3)?
-438
Let i(h) = 228823*h - 2059380. Calculate i(9).
27
Let v(a) = -22*a**3 + 99*a**2 + 85*a + 6. Calculate v(6).
-672
Let b(i) = 74*i**2 - 12707*i - 3610. Give b(172).
2
Let b(n) = 36*n**2 - 628*n - 120. Determine b(17).
-392
Let l(v) = 2*v**2 + 3406*v + 47244. What is l(-14)?
-48
Let c(f) = -3*f**2 - 1580*f + 731644. Give c(-823).
-3
Let o(d) = 118585*d + 1067265. Give o(-9).
0
Let y(a) = 1777*a - 13082. Determine y(7).
-643
Let l(o) = -62*o**2 - 13459*o - 1098. What is l(-217)?
-13
Let s(x) = -1815*x + 32630. Give s(18).
-40
Let r(q) = q**3 - 6*q**2 + 361*q - 1066. Calculate r(3).
-10
Let v(w) = 8*w**2 + 136*w - 696. Calculate v(4).
-24
Let x(q) = 82*q**2 - 512*q + 504. Calculate x(1).
74
Let v(o) = -65953*o - 1319156. Determine v(-20).
-96
Let v(b) = -42570*b + 723677. Calculate v(17).
-13
Let m(p) = -p**3 + 14*p**2 - 54*p - 2. Determine m(6).
-38
Let s(q) = -237*q - 5601. Give s(-38).
3405
Let v(r) = 5*r**2 - 600*r + 17281. Determine v(48).
1
Let w(h) = -1523*h + 508687. Determine w(334).
5
Let k(t) = -10*t**2 - 617*t - 2135. Determine k(-58).
11
Let q(g) = g**3 + 112*g**2 + 2778*g - 140. Calculate q(-74).
2376
Let g(i) = -2*i**2 + 419*i - 9835. Give g(27).
20
Let h(j) = 7*j**2 - 328*j - 384. Determine h(48).
0
Let f(x) = 2975*x + 17856. Determine f(-6).
6
Let u(y) = 997*y + 90661. Calculate u(-91).
-66
Let p(b) = 6*b**2 + 20*b + 276. Determine p(-32).
5780
Let f(r) = 2279*r**2 + 4272*r - 4. What is f(-2)?
568
Let r(f) = 89*f + 4220. What is r(-45)?
215
Let q(z) = -10402*z - 31189. Calculate q(-3).
17
Let b(l) = -134*l**3 + 17*l**2 - 5*l - 62. Determine b(4).
-8386
Let z(a) = -2*a**3 - 4*a**2 + 10*a - 